it of 55041?
5
What is the thousands digit of 16624?
6
What is the hundreds digit of 4919?
9
What is the thousands digit of 9915?
9
What is the hundreds digit of 33120?
1
What is the tens digit of 988?
8
What is the hundreds digit of 20437?
4
What is the units digit of 9838?
8
What is the thousands digit of 1218?
1
What is the hundreds digit of 1185?
1
What is the tens digit of 20125?
2
What is the hundreds digit of 96057?
0
What is the units digit of 5565?
5
What is the hundreds digit of 1306?
3
What is the tens digit of 22958?
5
What is the units digit of 26145?
5
What is the ten thousands digit of 21942?
2
What is the thousands digit of 9266?
9
What is the units digit of 20131?
1
What is the tens digit of 766?
6
What is the units digit of 690?
0
What is the hundreds digit of 730?
7
What is the hundreds digit of 18838?
8
What is the ten thousands digit of 100352?
0
What is the units digit of 2146?
6
What is the tens digit of 23076?
7
What is the hundreds digit of 830?
8
What is the thousands digit of 158703?
8
What is the units digit of 961?
1
What is the units digit of 4?
4
What is the thousands digit of 4732?
4
What is the ten thousands digit of 84147?
8
What is the units digit of 10753?
3
What is the thousands digit of 75970?
5
What is the thousands digit of 4838?
4
What is the units digit of 13214?
4
What is the units digit of 2807?
7
What is the units digit of 3894?
4
What is the units digit of 1089?
9
What is the hundreds digit of 6520?
5
What is the thousands digit of 60475?
0
What is the thousands digit of 7521?
7
What is the units digit of 4886?
6
What is the tens digit of 111199?
9
What is the ten thousands digit of 131929?
3
What is the hundreds digit of 1359?
3
What is the hundreds digit of 3324?
3
What is the units digit of 2395?
5
What is the units digit of 21351?
1
What is the hundreds digit of 27228?
2
What is the hundreds digit of 1289?
2
What is the units digit of 4048?
8
What is the tens digit of 2530?
3
What is the thousands digit of 1736?
1
What is the tens digit of 46090?
9
What is the ten thousands digit of 70412?
7
What is the tens digit of 7111?
1
What is the hundreds digit of 26572?
5
What is the thousands digit of 4176?
4
What is the thousands digit of 3677?
3
What is the hundreds digit of 123?
1
What is the tens digit of 20?
2
What is the hundreds digit of 347?
3
What is the tens digit of 487?
8
What is the tens digit of 12699?
9
What is the hundreds digit of 5993?
9
What is the units digit of 1128?
8
What is the tens digit of 1031?
3
What is the units digit of 5097?
7
What is the tens digit of 2665?
6
What is the thousands digit of 4219?
4
What is the tens digit of 7704?
0
What is the tens digit of 1301?
0
What is the ten thousands digit of 15728?
1
What is the tens digit of 19241?
4
What is the thousands digit of 1093?
1
What is the tens digit of 154755?
5
What is the hundreds digit of 493?
4
What is the thousands digit of 87589?
7
What is the tens digit of 2808?
0
What is the thousands digit of 72233?
2
What is the hundreds digit of 3237?
2
What is the units digit of 1339?
9
What is the tens digit of 822?
2
What is the hundred thousands digit of 109859?
1
What is the tens digit of 7622?
2
What is the units digit of 313?
3
What is the tens digit of 3126?
2
What is the hundreds digit of 5404?
4
What is the units digit of 20384?
4
What is the tens digit of 325?
2
What is the tens digit of 516?
1
What is the tens digit of 2698?
9
What is the tens digit of 2039?
3
What is the units digit of 96012?
2
What is the units digit of 19480?
0
What is the tens digit of 29437?
3
What is the tens digit of 541?
4
What is the units digit of 601?
1
What is the thousands digit of 15997?
5
What is the units digit of 5835?
5
What is the hundreds digit of 36800?
8
What is the thousands digit of 1153?
1
What is the hundreds digit of 19581?
5
What is the tens digit of 41573?
7
What is the thousands digit of 3325?
3
What is the tens digit of 9256?
5
What is the hundreds digit of 51533?
5
What is the hundreds digit of 363?
3
What is the thousands digit of 41469?
1
What is the hundreds digit of 7414?
4
What is the ten thousands digit of 130196?
3
What is the units digit of 2179?
9
What is the hundreds digit of 27251?
2
What is the units digit of 2153?
3
What is the ten thousands digit of 66606?
6
What is the hundreds digit of 177?
1
What is the units digit of 4616?
6
What is the tens digit of 5384?
8
What is the hundreds digit of 100322?
3
What is the hundreds digit of 4519?
5
What is the units digit of 2060?
0
What is the hundreds digit of 182014?
0
What is the units digit of 14017?
7
What is the units digit of 4844?
4
What is the units digit of 3624?
4
What is the ten thousands digit of 47140?
4
What is the units digit of 70176?
6
What is the thousands digit of 25745?
5
What is the units digit of 13588?
8
What is the tens digit of 224?
2
What is the units digit of 2809?
9
What is the hundreds digit of 73761?
7
What is the ten thousands digit of 29455?
2
What is the units digit of 31686?
6
What is the tens digit of 7000?
0
What is the tens digit of 31828?
2
What is the thousands digit of 73740?
3
What is the hundreds digit of 74393?
3
What is the hundreds digit of 6035?
0
What is the units digit of 2923?
3
What is the tens digit of 1984?
8
What is the hundreds digit of 366?
3
What is the units digit of 6398?
8
What is the thousands digit of 7072?
7
What is the hundreds digit of 41917?
9
What is the units digit of 619?
9
What is the tens digit of 382?
8
What is the units digit of 87077?
7
What is the hundreds digit of 168?
1
What is the units digit of 806?
6
What is the tens digit of 6676?
7
What is the hundreds digit of 3573?
5
What is the units digit of 1890?
0
What is the units digit of 9769?
9
What is the thousands digit of 1525?
1
What is the tens digit of 2289?
8
What is the hundreds digit of 33918?
9
What is the thousands digit of 49394?
9
What is the units digit of 3106?
6
What is the tens digit of 23227?
2
What is the hundreds digit of 21245?
2
What is the thousands digit of 5547?
5
What is the tens digit of 2729?
2
What is the units digit of 875?
5
What is the hundreds digit of 1042?
0
What is the units digit of 10355?
5
What is the thousands digit of 8362?
8
What is the tens digit of 381?
8
What is the hundreds digit of 618?
6
What is the units digit of 40110?
0
What is the tens digit of 1158?
5
What is the ten thousands digit of 115852?
1
What is the units digit of 3145?
5
What is the tens digit of 614?
1
What is the units digit of 939?
9
What is the thousands digit of 34942?
4
What is the tens digit of 54941?
4
What is the thousands digit of 27885?
7
What is the thousands digit of 9251?
9
What is the thousands digit of 4020?
4
What is the tens digit of 132?
3
What is the tens digit of 1070?
7
What is the thousands digit of 1042?
1
What is the units digit of 2452?
2
What is the ten thousands digit of 65932?
6
What is the thousands digit of 6969?
6
What is the hundreds digit of 6006?
0
What is the tens digit of 946?
4
What is the ten thousands digit of 88232?
8
What is the ten thousands digit of 68747?
6
What is the ten thousands digit of 39780?
3
What is the units digit of 8123?
3
What is the tens digit of 60355?
5
What is the thousands digit of 7176?
7
What is the units digit of 4554?
4
What is the tens digit of 5651?
5
What is the units digit of 5?
5
What is the hundreds digit of 1890?
8
What is the thousands digit of 114321?
4
What is the ten thousands digit of 11499?
1
What is the hundreds digit of 199?
1
What is the tens digit of 10973?
7
What is the units digit of 479?
9
What is the thousands digit of 77800?
7
What is the tens digit of 39388?
8
What is the hundreds digit of 1112?
1
What is the tens digit of 6455?
5
What is the hundreds digit of 124999?
9
What is the units digit of 73514?
4
What is the ten thousands digit of 123655?
2
What is the tens digit of 9138?
3
What is the tens digit of 1229?
2
What is the hundreds digit of 3890?
8
What is the tens digit of 1207?
0
What is the hundreds digit of 8725?
7
What is the units digit of 1621?
1
What is the hundreds digit of 15342?
3
What is the tens digit of 1219?
1
What is the thousands digit of 5246?
5
What is the hundreds digit of 51244?
2
What is the hundreds digi